 + 23 + 10 = 0. Is d(z) composite?
True
Let d be (-58144)/(-48)*3*1. Suppose -5*z = 5*c - 9085, -c + 0*c = -2*z + d. Is z a composite number?
True
Is 3206 + (1 - -2 - 8/2) a prime number?
False
Let v = 2089 + 100. Let u = 3750 - v. Is u a composite number?
True
Suppose -5*q = -20, 2*q - 15990 = -0*s - 2*s. Is s prime?
False
Let n(u) = u**3 + 8*u**2 + 8*u. Let z be n(-7). Let l = z + 10. Is -191*(-2 + l)*-1 composite?
False
Let a be (4 + (-1 - 3))/(2/2). Suppose a*j + 5*j = -2*p + 3817, 2*j = -2*p + 3808. Is p composite?
False
Let o(m) = -476*m + 6. Let i be o(-1). Suppose -354 = 3*c - 2433. Let k = c - i. Is k prime?
True
Let s(i) = -2*i**2 - 41*i - 49. Let z(j) = -j**2 - 21*j - 25. Let f(m) = 6*s(m) - 11*z(m). Is f(-10) composite?
False
Let s = -404 - -467. Suppose -24 = -o + 32. Suppose -o = -n + s. Is n a composite number?
True
Let k(s) = 615*s - 49. Is k(4) a composite number?
False
Let j(t) be the third derivative of 43*t**8/10080 - t**7/1008 + t**6/144 + t**5/15 - 11*t**2. Let a(q) be the third derivative of j(q). Is a(2) a prime number?
False
Suppose -7*v + 10143 = -17206. Is v composite?
False
Suppose 4*j - 19020 = -t + 3*j, 3*j = -5*t + 95110. Suppose 3*y + t = 8*y. Is y composite?
True
Let x = 12123 - 6008. Is x composite?
True
Suppose 0 = -6*t + 20 + 22. Is t/(168/(-16)) + 7090/6 composite?
False
Let p(t) = t + 6 + t**2 - 5*t + 10*t. Let q be p(-5). Is (-670)/10*q*-1 prime?
True
Let v(w) = w**2 - 4*w + 11. Let j(z) = 4*z**2 - 12*z + 33. Let y(k) = 6*j(k) - 17*v(k). Suppose 0 = -m - 2*m + 24. Is y(m) a composite number?
True
Let v(m) = -167*m - 7. Let t be v(-2). Suppose 4*a = a + t. Is a prime?
True
Let n be ((-28)/(-35))/((-2)/(-5)). Let m(y) = 0*y - n + 5 + y + y. Is m(17) a composite number?
False
Let r = 3399 + 4660. Is r a prime number?
True
Let l(q) = -2*q - 28. Let n be l(-17). Let u(s) = 20*s + 21. Is u(n) a composite number?
True
Suppose -5*o = -5*c - 9915 - 20025, -2*c + 23982 = 4*o. Is o prime?
False
Suppose 14*o = 10*o. Let b = 97 + 284. Suppose o = -f + 4*f - b. Is f a prime number?
True
Let n = 10495 - -1996. Is n prime?
True
Let s(n) = -n**2 + 7*n + 4. Let k be s(7). Suppose -w = z - 2, 0 = -2*w + 2*z + z + k. Suppose 0 = w*b - 3*b - 2*j + 133, -2*b - j + 275 = 0. Is b prime?
True
Let x(c) = 67*c**2 - 16*c - 26. Is x(-9) prime?
False
Let w be (15/4)/((-9)/(-36)). Let o be (18/w)/(3/10). Suppose f = o*f - 489. Is f prime?
True
Let g = 10921 + -2606. Is g prime?
False
Let x = -520 - -2957. Is x a composite number?
False
Suppose -7432 = -4*k - 2152. Let u be 3 - (-1)/(3/3132). Suppose -5*t = -5*o + k, 4*o + 3*t + 2*t = u. Is o prime?
True
Let q = -1 - -3. Let z = -446 - -1054. Suppose -5*k + q*k + w + z = 0, 614 = 3*k + 5*w. Is k a prime number?
False
Let f be 1/(-2 - (-10)/6). Suppose -k + 5*o = -617, -k = o - 418 - 211. Is k/3 + -1 + f composite?
True
Let i be 5*-33 - (4/(-2) + 2). Let n = i - -344. Is n composite?
False
Let v(o) = 143*o**2 - 5*o - 4. Let k be v(-3). Suppose -4227 = -5*h + k. Suppose 5*x = 5*f - h, -2*f + x - 199 = -637. Is f a prime number?
False
Suppose a - 12933 = -0*a + 4*b, 5*a - 64647 = 2*b. Is a a composite number?
True
Let r = 444 - 235. Suppose -r = -5*k + 41. Suppose i = y - k, -y - 115 = -3*y - 3*i. Is y a composite number?
False
Suppose -3*k + 27 + 3 = 0. Suppose 4*a - 2 = k. Suppose 2*f = -0*s + s - 95, -4*s = a*f - 380. Is s composite?
True
Suppose -4*g + 1 = -15. Let i(k) = -3 - g*k + 7*k - 6*k**3 + 3*k**2 - 4*k**2. Is i(-3) composite?
True
Let c = 49352 - -1170. Is c prime?
False
Let g(z) be the second derivative of z**5/20 + z**4/4 - z**3/6 + 8*z. Let t be g(-2). Suppose -2*m = -t*m + 92. Is m a prime number?
True
Suppose -5*u - q + 3 = -0*q, -3*u - q + 3 = 0. Suppose u*b = 3*b + 15, 0 = 2*z + 5*b - 553. Is z composite?
True
Let s = -1716 + 2956. Suppose -3*y + y + s = 0. Suppose 5*x - y = -3*w, x = 4*w - 801 - 64. Is w prime?
False
Suppose 0 = 5*w - 0*w + 3*f + 15, 5*w - 4*f - 20 = 0. Suppose 3*s - 33 - 1494 = w. Is s prime?
True
Let p be (-18)/(-8) - 1/4. Suppose -5*s = 3*n - 0*s - 1066, 3*n + p*s - 1051 = 0. Suppose 0 = -3*f + o + n - 6, 16 = 4*o. Is f prime?
False
Is (-3)/(-8 - (-386450)/48310) a prime number?
True
Let k = 425 - 108. Suppose y - k + 58 = 0. Is y composite?
True
Suppose 5*m + 4*i = 29, -2*m + 2*i + 6 = -2*i. Suppose 820 = m*y - 345. Let p = 700 - y. Is p a prime number?
True
Suppose 0 = -3*d - 9, 2*d + d + 49 = 4*t. Suppose 11*z - t*z = 5. Suppose 378 + 1687 = z*q. Is q prime?
False
Let v be -12 + 44 + -1 + 0. Let l = v - -50. Let a = -10 + l. Is a prime?
True
Let k(t) = -1746*t - 269. Is k(-5) a prime number?
True
Let k(i) be the second derivative of -i**4/12 + 4*i**3/3 - 5*i**2 + 3*i. Let t be k(6). Suppose -2*n - t*z + 243 = 3*n, z + 50 = n. Is n a prime number?
False
Let n = -1780 - -7007. Is n a prime number?
True
Suppose -5*y = 3*i - 30, 4*i - 5*y - 7 + 2 = 0. Suppose 2*x = -3*m + 186, 3*x = -i*m + 4*m + 279. Is x composite?
True
Let j(v) = -3*v**3 + 3*v**2 - 2*v + 1. Let c be j(2). Let s = c + 20. Suppose 7 = -s*x + 77. Is x a prime number?
False
Let p = 35 + -33. Is 4*p*131/8 prime?
True
Let i(r) = -r**3 + r + 1. Let g be i(-1). Is ((-9)/(-36))/(g/152*2) composite?
False
Let u(j) = -5391*j + 353. Is u(-6) prime?
False
Suppose 0 = -2*u + 24*u - 169774. Is u prime?
True
Is (2 - (-11)/(-5)) + (-226236)/(-255) a prime number?
True
Suppose 5*r - 3*m = 21853, -m - 17508 = -4*r - 5*m. Is r composite?
False
Suppose -3*g + 4*t + 49 = 6, -5*g = t - 64. Suppose g = 3*a + 4, 3*j = -5*a + 348. Is j prime?
False
Suppose -3638 = -12*a + 58126. Is a a composite number?
False
Let l(t) = -3*t**3 + 6*t**2 + 5*t - 3. Let y be l(-5). Suppose y = 2*z - 561. Is z prime?
False
Suppose -3*b - 1729 + 7300 = 0. Is b a prime number?
False
Suppose 125*f - 24636 = 121*f. Is f a composite number?
True
Let y = 4 - -1. Is (1042/(-4))/(-1*y/10) composite?
False
Suppose 0 = -15*s + 155 + 14980. Is s composite?
False
Suppose 5*x = z + 3*x - 7005, 6999 = z + 4*x. Is z a prime number?
False
Let y be (632/(6/3))/2. Suppose 0*a = -3*a + 21. Suppose a*v + y = 9*v. Is v composite?
False
Let q be 9/(-6) - (129/(-6) + 0). Is -2*382*(-15)/q composite?
True
Let j(n) = 29*n**3 + n**2 + 9*n + 4. Let p be j(8). Suppose p = 3*y + 639. Is y composite?
False
Let v(w) = -w**2 + w + 161. Let n be ((-26)/(-2))/(12/(-12)). Let t = n - -13. Is v(t) a prime number?
False
Suppose -3*s = 29 - 281. Let d = 127 - s. Is d a composite number?
False
Let f(h) = -8*h**3 + 5*h**2 - 5*h + 1. Let o be f(5). Let y = -456 - o. Is y a prime number?
True
Let m(u) = 29*u**2 - 15*u + 41. Is m(22) composite?
True
Let k = 5758 - 3255. Suppose 40*l = 39*l + k. Is l a prime number?
True
Suppose -58*l + 22689 = -46157. Is l a prime number?
True
Suppose -4*r - 4*t = -13552, -3*r + 11115 = t + 955. Is r prime?
False
Suppose 0 = -4*o - a - 0*a + 3903, -10 = 2*a. Is o a composite number?
False
Let t(n) = -n**2 - 2*n - 7. Let p be t(0). Let d = -5 - p. Let i(u) = u**3 + u**2 - 3. Is i(d) prime?
False
Suppose -5*a - 3*h = -18, -4*a + 5*h - 2*h = -9. Suppose 832 = 4*z + 2*k - 346, a*z + 2*k - 881 = 0. Suppose v - 568 = z. Is v prime?
False
Suppose -5*f = -66 + 6. Let b be 2/(-8) - (-3)/f. Suppose b = -5*i + 131 + 64. Is i a prime number?
False
Let t = 82 - 170. Let c = -35 - t. Is c a composite number?
False
Is ((243441/(-36))/(-11))/(2/8) composite?
False
Let t(d) = -4*d**3 - 3*d**2 - 2*d + 1. Let l be t(-3). Let q be 1472/11 - 2/(-11). Let h = q - l. Is h prime?
False
Is 12/9 + 581064/36 + -1 a composite number?
False
Let s be 6/(-15) + (-5571)/(-15). Suppose -5*c + s = -374. Is c a composite number?
False
Let c(l) = l**3 + 7*l**2 - l - 4. Let r be c(-7). Let p be 0/((-7 + r)/(-2)). Suppose x + 0*x - 57 = p. Is x a composite number?
True
Let n(z) = -6*z + 15. Let a be n(4). Is (1642/3)/((-6)/a) a prime number?
True
Suppose 0*w + 2*w - 2 = 0. Let m be (-1)/(w/(30/3)). Let d(p) = 5*p**2 - 13. Is d(m) a prime number?
True
Let x(t) = 11090*t - 9. Is x(1) composite?
True
Suppose -2*s - 8 = -10*s. Let n(q) = 1144*q**3 - 1. Let b be n(s). Let k = b - 496. Is k prime?
True
Is ((-587040)/(-36) - 2/(-6)) + 2 composite?
True
Let y = 163 + 1398. Is y a composite number?
True
Let w = 15 + -18. Is ((-1)/w)/(6 + (-7001)/1167) composite?
False
Let t(f) 